t = -947 + 973. What is the remainder when s(4) is divided by t?
20
Let u = 222 - 91. Suppose 0 = -10*c + 49 + u. Calculate the remainder when 285 is divided by c.
15
Suppose 1351 + 3605 + 504 = 105*d. Let j = 64 - 44. Calculate the remainder when d is divided by j.
12
Calculate the remainder when 3806 is divided by ((-14)/(91/(-13)))/((-2)/(-81)).
80
What is the remainder when (-49)/(-14) + -4 + 69/2 is divided by 8?
2
Let q = -30 - -72. Calculate the remainder when q is divided by (70/42)/(2 - 124/72).
0
Calculate the remainder when 1778 is divided by (((-8)/(-3))/(1/2))/((-818)/(-45399)).
2
Let x = -186 - -326. Let j = -114 + x. What is the remainder when 121 is divided by j?
17
Let n(d) = -d**2 - 26*d - 12. Let a(r) = -r**2 + 2*r - 5. Let v be a(-3). Calculate the remainder when n(v) is divided by 28.
24
Let j be (6/(-9))/(4/12). Let o be (j/(-2))/(1/(-48)). Let h = 130 + o. What is the remainder when h is divided by 22?
16
What is the remainder when 1351 is divided by ((-366024)/1616)/(1/(2/(-3)))?
143
What is the remainder when (29 - 17)*30/8 is divided by 4/(-3)*(-3)/2?
1
Suppose -3*a + 334 + 237 = -4*z, -2*a + 389 = -z. What is the remainder when 569 is divided by a?
175
Let q = 6442 - 6383. Let w = -6 - -8. What is the remainder when q is divided by w + 1*16 + 2?
19
Let t(g) = -8*g**3 + 2*g**2 + 3*g. Let c be t(-2). Suppose -30 = 8*b - 6. What is the remainder when (-6 - b) + c/1 is divided by 17?
12
Suppose -16*u = -k - 17*u + 159, 3*k + 2*u - 480 = 0. What is the remainder when 309 is divided by k?
147
Suppose y = -9*g + 10*g + 2, 4*g + 3*y + 22 = 0. Let h = -117 - -194. Calculate the remainder when h is divided by 1/(-2) - (-54)/g*-1.
12
Suppose 5*t = 5*k - 1595, -3*k = -7*k - 4*t + 1292. Suppose 0 = 3*b - 0*b - 2*z - k, -b = -z - 108. What is the remainder when b is divided by 50?
5
Suppose 4*g = 5*y - 89, 2*g = y - 846 + 833. Suppose 311 = 2*k + 21. Calculate the remainder when k is divided by y.
19
Let c = 27 + -28. Calculate the remainder when 31 + 4/((-4)/(-2)) is divided by 1*(20 + c/1).
14
What is the remainder when 2412 is divided by (-1 - -152*1)*(-106)/(-106)?
147
Let x(r) = r**3 - 4*r**2 + 2*r - 3. Let k be x(4). Let h = 11 - k. What is the remainder when ((-44)/5 + 18/(-15))*10/(-4) is divided by h?
1
Suppose -639*m + 126 = -621*m. Calculate the remainder when 13991 is divided by m.
5
Let h(i) = 7*i + 209. What is the remainder when h(6) is divided by 34?
13
Let f(v) = -v**2 + 6*v + 6. Let b be f(6). Suppose 0*a - 402 = -b*a. Calculate the remainder when a is divided by 17.
16
Suppose 0 = 73*s + 8 - 665. Let b(d) = 17*d - 10. Let o be b(7). Suppose o - s = u. Calculate the remainder when u is divided by 13.
9
What is the remainder when 39*(92/24 - 4)/((-3)/384) is divided by 200?
32
Suppose 10185 = 24*a - 8415. Calculate the remainder when a is divided by 378.
19
Let y = 25776 - 25174. What is the remainder when y is divided by 61?
53
Suppose 3*z = -c + 11 - 19, 2*z = -2*c + 12. What is the remainder when (-8)/44 - 1564/(-11) is divided by c?
12
Let r(f) = 3*f**2 + 20*f + 86. Let q be r(-4). Suppose -5*n - 110 + 340 = -5*o, -3*o = n - q. Calculate the remainder when 95 is divided by n.
47
Calculate the remainder when (-1 + 2)*(4 + 40) is divided by -3 - (-218)/11 - 4/(-22).
10
Suppose 0 = 2*w - 452 - 468. Calculate the remainder when 3/((-18)/(-30)) + w is divided by 26.
23
Let m = -6423 - -6709. What is the remainder when m is divided by 64?
30
Let v = -92 - -100. Suppose v*n - 5*j - 120 = 3*n, 4*j + 21 = n. Calculate the remainder when 198 is divided by n.
23
Let k(u) = -2*u + 3. Let j(c) = -c**3 - 3*c**2 + c - 4. Let h be j(-3). Calculate the remainder when (-39)/(-10374)*57 - (-921)/14 is divided by k(h).
15
Suppose -3659 = -94*s + 947. Suppose -5*d + 85 = -z - 2*z, 0 = -5*d - z + 105. Calculate the remainder when s is divided by d.
9
Let k be 0 - (24/3 - 2). What is the remainder when (7 - (-12)/k) + (-764)/(-4) is divided by 33?
31
Let i = -155 - -2090. Calculate the remainder when i is divided by 388.
383
Suppose -10*c = -9*c - 19. Let j be (-4)/((16/(-2))/4). Suppose 0*s = -j*s + 68. Calculate the remainder when s is divided by c.
15
Let t = 112 + -101. Suppose -b - 3*j + 73 = 0, -t*b = -7*b + j - 259. Calculate the remainder when b is divided by 26.
12
Suppose -7229 = -5*d - 4*p, 0 = -p + 33 - 27. What is the remainder when d is divided by 39?
37
Suppose -c - 15 = -4*k, 3*c + 12 = -2*k + 3*k. Suppose 18*i - k*i = 195. Calculate the remainder when 103 is divided by i.
12
What is the remainder when 181 is divided by 55 - (-6 + -4 - -1)?
53
Let s be 1*(-22)/(-3) - (-3)/(-9). Suppose -32 = -s*l + 3*l. What is the remainder when 21 is divided by l?
5
Let v(l) = 2*l**2 - 16*l + 33. Let s be v(11). Let c = s + -72. What is the remainder when 48 is divided by c?
21
Calculate the remainder when 1827 is divided by (7/(-42))/(4/9) - 2262/(-16).
135
Suppose -199*q + 201*q = 146. Let g = q - 65. What is the remainder when 26 is divided by g?
2
Let z(n) = -n**3 - n**2 - n - 1. Let a be z(-3). Let g(f) = -1 + 4 + 1 - 12*f - a*f. What is the remainder when 140 is divided by g(-1)?
32
Suppose 35*i - 2975 - 2660 = 0. What is the remainder when 1447 is divided by i?
159
Suppose 5*j = 12*b - 9*b + 29, -3*b + 7 = 4*j. Suppose 5*f - 7*f + 552 = y, f + j*y = 269. Calculate the remainder when f is divided by 28.
25
Let j(a) = -a**3 - 10*a**2 - 2*a - 18. Let y be 2/(30/27) - 9/(-45). Suppose 0 = y*w + 50 - 62. Calculate the remainder when w is divided by j(-10).
0
Let k(v) = -v**3 - 3*v**2 - v + 46. Suppose -3*o + 31 = -2*l, 0*l + 3*l - 20 = -5*o. Suppose -i + o = -10. What is the remainder when k(0) is divided by i?
12
Suppose 4*f - 231 = 3*v + 45, 4*f - 276 = 4*v. Let t = 37706 + -37692. Calculate the remainder when f is divided by t.
13
Suppose -32*q + 33*q = -71. Let h = 69 + q. What is the remainder when ((-1)/h)/(3/642) is divided by 28?
23
Let a(g) be the third derivative of 11*g**4/8 + g**3 + 2*g**2 - 18. What is the remainder when a(2) is divided by 19?
15
Suppose 5*o - 37*u + 35*u = 646, 2*o - 258 = u. Calculate the remainder when o is divided by 43.
1
Let c(j) = -j**2 + 16*j + 79. Let t(n) = n. Let q(l) = c(l) + 5*t(l). Calculate the remainder when 230 is divided by q(23).
32
Suppose 2*q = -24*q - 21*q + 37412. Let s = -36 - -74. What is the remainder when q is divided by s?
36
Let w(h) = h**2 - 63*h + 788. Calculate the remainder when w(50) is divided by 70.
68
Let k(q) = q - 3. Let h be k(0). Let r(x) = -x**2 + x + 12. Let i be r(h). Suppose i = 9*d + 79 - 313. What is the remainder when d is divided by 9?
8
Suppose -3*z + 53 = 2*n, 3*z - 257 = -242. Calculate the remainder when 356 is divided by n.
14
Let f(x) = -11*x. Let k(z) = z**2 - 1122*z + 2233*z + 2*z**3 - 1126*z + 27. Calculate the remainder when f(-3) is divided by k(2).
16
Let z(h) = -8*h**2 - 111*h - 8. Calculate the remainder when z(-5) is divided by 5.
2
Suppose 264 = -16*p + 3352. Let m = p - 160. Calculate the remainder when m is divided by 17.
16
Let g be 3 + -4*(-2)/8. What is the remainder when 0 + 1 - 147/(-3) is divided by (2 + g)*(-39)/(-9)?
24
Suppose -224 = -3*h - 5*d, 26*h - 25*h - 2*d = 82. What is the remainder when 83 is divided by h?
5
Let a(c) = 307 + c - 608 + 303. Let r be a(-4). What is the remainder when (-1 - -31)/(0 - r) is divided by 4?
3
Suppose 0 = -2*j - r + 23, 551*r - 555*r = 4*j - 48. Calculate the remainder when 329 is divided by j.
10
Suppose -7*s = -4*d - 3*s + 708, d - 5*s - 201 = 0. Calculate the remainder when d is divided by 11.
6
Let a(f) = -f + 1. Let i be -2 + (-1521)/(-63) - 6/(-7). Suppose i*s - 25*s = -30. What is the remainder when s is divided by a(-6)?
1
Let g(o) = -45*o + 2969. What is the remainder when 301 is divided by g(63)?
33
Suppose -20*c - 1110 = -94*c. What is the remainder when 250 is divided by c?
10
Suppose -166 = -163*n + 161*n. What is the remainder when 234 is divided by n?
68
Let f = 1811 + -1770. What is the remainder when 175 is divided by f?
11
Let u(y) = 6*y + 36. Let d be u(-3). Suppose 5*g - 15 - 6 = -4*k, -d = -4*k - 2*g. Calculate the remainder when 49 is divided by k.
1
Suppose 4*j - 2*b + 6 = 20, 3*j + 3*b = 33. Suppose 2*n = 4*m + 46, j*m - 140 = -4*n + 2*m. What is the remainder wh